- 248. Suppose -215*f - 2 = -k - 211*f, 5*k - 5*f - 55 = 0. What is the greatest common factor of i and k?
14
Let r = -2084 - -2136. What is the highest common divisor of 572 and r?
52
Let c be ((-52)/6)/((-350)/1050). What is the greatest common divisor of 36 and c?
2
Let p = 12 - -15. Suppose 0 = -21*t + 814 - 499. Calculate the highest common divisor of p and t.
3
Let b = -5713 + 5745. What is the greatest common factor of b and 6880?
32
Suppose 8*a = -6*a + 630. Let o be (2 + 223)*18/a. Let z = o + -89. What is the highest common factor of z and 4?
1
Suppose -2*q + 15 - 1 = 0, j - 222 = -q. What is the highest common factor of 172 and j?
43
Let x(t) = 7*t**2 + 86*t + 7. Let v be x(-13). Calculate the highest common divisor of 11052 and v.
36
Suppose 72 = -446*x + 464*x. What is the greatest common factor of 92 and x?
4
Suppose 74*w + 402 - 66 = 82*w. Calculate the greatest common factor of 7035 and w.
21
Let r = 4579 + -4569. Suppose 3*o - 6 = 0, o = -5*k - 0*o - 88. Let n = k - -28. What is the greatest common factor of r and n?
10
Suppose 0 = 5*f - 460 - 815. Suppose 4*j = j - f. Let z = -53 - j. What is the highest common factor of z and 224?
32
Suppose h - 15 = 2. Let u be (66 - 8/8) + 3. Let r = -34 + u. Calculate the greatest common divisor of h and r.
17
Suppose 34*p - 21*p - 25*p + 168 = 0. What is the greatest common divisor of p and 44534?
14
Suppose -4 = j - 12. Let v(m) = -25*m - 197. Let i be v(-21). Calculate the highest common divisor of i and j.
8
Suppose -17*r + 11961 - 265 = 0. Calculate the highest common factor of r and 86.
86
Let r = 245 - 230. Let b be 72/28*(-560)/(-12). What is the greatest common divisor of r and b?
15
Suppose o - 280 = -o. Let j(s) = -2*s**3 - 120*s**2 - 462*s. Let h be j(-4). What is the greatest common factor of h and o?
28
Let z be 39114/(-424)*(-3 + -1). Calculate the highest common divisor of z and 41.
41
Let g(c) = -c - 1. Let w be g(-5). Let t = 6258 + -6144. Calculate the greatest common factor of t and w.
2
Suppose d = -222*b + 221*b + 5556, 0 = -4*b - 5*d + 22219. What is the highest common factor of 332 and b?
83
Let b = -32 + 120. Let z = 0 + 3. Suppose 3*x - 30 = z. What is the highest common factor of x and b?
11
Suppose 0 = 3*u - 0*u - 198. Suppose -2*k + 4*v = -16, 4*v - 214 = -206. Calculate the highest common factor of u and k.
6
Let d = -3238 - -4430. What is the greatest common divisor of d and 8?
8
Let h = -88 + 88. Suppose h = 87*z - 88*z + 99. What is the highest common factor of z and 11?
11
Let s(t) = t**3 - 9*t**2 + 29*t - 28. Let q be s(7). Calculate the highest common factor of 143 and q.
11
Let x = -6 - 23. Let z = 34 + x. Suppose z*h - 49 = -3*v, -4*h = -2*v - h + 39. What is the highest common divisor of v and 9?
9
Let s be 11 + 338/(-13) - -297. Calculate the greatest common divisor of s and 2.
2
Let a be ((-30)/5)/(-10 + (-649)/(-66)). Let z be 3/(-1 - (3 - 5)). Let t be -6*(-1 + 1/z). What is the highest common factor of a and t?
4
Suppose -3*s - 6 = -2*u + 10, s = -3*u + 2. Suppose -14 = 2*w - u*p + 6*p, 3*w + 2*p = -5. What is the greatest common divisor of w and 5?
1
Let c be (6/(-8))/(1/(-100)). Let l be (-3)/((-14)/(-21)*(-96)/640). What is the highest common factor of c and l?
15
Let m be (-4)/(-10) + (-1886)/115. Let d be (m/12)/(10/(-735)). Calculate the greatest common divisor of 539 and d.
49
Let s = 421 - 431. Let h be 13 + s/4*-2. Let k be (2/3)/(1/108). Calculate the highest common factor of h and k.
18
Let i(d) = 28*d + 88. Let f be i(7). Let s = f + -185. Calculate the highest common divisor of 9 and s.
9
Let u = -5001 - -5055. What is the greatest common divisor of u and 1476?
18
Let w be (2 - 1)/(498/(-126) + 4). Let l = 871 - -158. What is the highest common divisor of w and l?
21
Let h(i) = -19*i + 480. Let v be h(-9). Calculate the greatest common factor of 105 and v.
21
Let v be (18/(-25)*-5)/((-10)/(-100)). Calculate the greatest common divisor of 540 and v.
36
Let k = 47 + -11. Let a(u) = -156*u + 1612. Let r be a(10). Let i = r - k. What is the greatest common divisor of i and 4?
4
Suppose 7*n + 0 - 7 = 0. Suppose 3*g - 13 = -n. Let b = 14 - g. What is the highest common divisor of 4 and b?
2
Let c be ((382*-1)/1)/(8 + -6). Let h = c + 197. Calculate the greatest common divisor of 42 and h.
6
Let l = 1320 + -996. Calculate the greatest common divisor of 20 and l.
4
Let x(f) = -63*f + 53. Let g be x(-2). Let q = g + 109. Calculate the greatest common factor of 504 and q.
72
Let l be -1 + (-125)/(-1) - 1. Let b be ((-16)/(-12))/(-19 - 5709/(-297)). What is the highest common divisor of b and l?
3
Let y = 791 - 658. Let t = 138 + -81. Calculate the highest common factor of y and t.
19
Suppose -2*h - 86 = -2*l, 17*l - 5*h + 269 = 23*l. What is the highest common factor of l and 682?
22
Suppose -21*m - 32*m + 67932 = 49*m. What is the highest common factor of 27 and m?
9
Let u = -38 + 54. Let z(m) = -104. Let w(i) = 2*i - 104. Let h(x) = -3*w(x) + 4*z(x). Let g be h(-24). What is the highest common factor of g and u?
8
Let u(i) = 25*i + 787. Let g be u(-27). Calculate the greatest common factor of g and 128.
16
Suppose -199 = -4*q + 497. Let v = 25943 + -25363. Calculate the highest common factor of v and q.
58
Let s(h) = 548*h + 6157. Let d be s(-5). Calculate the greatest common factor of d and 459.
51
Let x be 225/25 - 5/(15/(-9)). Suppose 4*g - 48 = -4*s, -s = -8*g + 3*g + 60. Let t = g + 0. What is the highest common factor of x and t?
12
Let k(o) = 11*o**2 - 6*o - 26. Let d be k(-8). Suppose 531 = 4*j - v + 2*v, 0 = -5*j - 2*v + 666. Calculate the highest common factor of j and d.
66
Suppose -v - 2 = -2*r, 0 = -4*v - 5*r - 2 + 20. Let b(k) = -k**2 + 14*k + 19. Let m be b(16). Let y = m + 31. What is the highest common factor of v and y?
2
Let q be 60 + -10 + 45/9. What is the highest common factor of 77 and q?
11
Suppose 2*g - 5*r = 319, 3*g - 8*g - 4*r = -715. Let l = -133 + g. Let k(y) = -6*y - 4. Let c be k(-10). Calculate the greatest common divisor of c and l.
14
Let s be 428700/54 - 8/9. Calculate the greatest common divisor of s and 252.
126
Suppose 16*v + 2*p - 834 = 14*v, -5*v - p = -2097. What is the greatest common divisor of v and 56?
28
Let w(v) = 4*v**2 - 49*v - 16. Let a be w(16). Calculate the greatest common factor of 80 and a.
16
Suppose 110 = 7*n - 2*n + 5*a, 2*a = -n + 19. Let b = n + -22. Let r be b/(-5) + 6 + 198/30. Calculate the greatest common factor of 168 and r.
12
Let h = 129 - 10. Suppose -3*l + k = 1, 5*l = k - 5*k + 4. Suppose l = -23*t + 142 + 249. Calculate the highest common divisor of h and t.
17
Suppose 132*f - 7392 = -22*f. Calculate the highest common divisor of 228 and f.
12
Suppose 69 - 219 = -u - 2*c, -6*u = 4*c - 860. Calculate the highest common factor of u and 3.
1
Let x(w) = 35*w**2 + 0*w**2 + 1 - w + 28*w**2 + 2*w. Let v be x(-1). Suppose 13*y - 212 = -95. Calculate the greatest common divisor of y and v.
9
Let p = -75 - -210. Let o be 56/84*(-12 - 0/(-1)). Let g(j) = j**2 + 6*j - 1. Let a be g(o). What is the highest common factor of a and p?
15
Let x(w) = -602*w**3 - 7*w**2 - 22*w + 31. Let d be x(-3). What is the highest common divisor of d and 32?
32
Let z be ((-330)/5)/((-8 - -9)*-3). What is the highest common factor of 11 and z?
11
Let p = -20 + 22. Suppose p*m + 4 = 22. Suppose -4*x = -4*q - 52, -x + m = 3*q - 4. What is the highest common divisor of 13 and x?
13
Suppose 294*m + 5544 = 273*m. Let j = m - -309. What is the highest common factor of j and 105?
15
Let y(i) = -150*i + 5052. Let k be y(33). What is the greatest common divisor of 187 and k?
17
Suppose -y + 182 = u, -6*u + 206 = y - u. Calculate the greatest common factor of y and 154.
22
Let o = 2818 - 2434. Calculate the greatest common divisor of o and 132.
12
Suppose 2480 = 3*y + p, -10*p + 5*p = -25. Calculate the highest common factor of y and 429.
33
Let k be 7 - ((-474)/(-9))/((-18)/3429). Calculate the highest common factor of k and 120.
40
Let v(d) = -59*d**2 - d - 16. Let o be v(-4). Let m = o - -1640. Calculate the highest common factor of m and 76.
76
Suppose -5*g - 23 = -9*g - 3*m, 2*g - 6 = 4*m. Suppose -i + 3*x - 7*x + 13 = 0, 5*x = g*i - 115. What is the greatest common divisor of i and 3?
3
Suppose -2*z +